{"id":97764,"date":"2026-03-03T11:54:20","date_gmt":"2026-03-03T15:54:20","guid":{"rendered":"https:\/\/www.casadecampo.com.do\/events\/casa-de-campo-fashion-week\/"},"modified":"2026-04-23T11:31:48","modified_gmt":"2026-04-23T15:31:48","slug":"casa-de-campo-fashion-week","status":"publish","type":"mec-events","link":"https:\/\/www.casadecampo.com.do\/es\/events\/casa-de-campo-fashion-week\/","title":{"rendered":"Casa de Campo Fashion Week"},"content":{"rendered":"<p class=\"has-secondary-color has-text-color has-link-color wp-elements-ba49d29f575414071a9f7b57daafe8fa\">El 1.er Festival Anual de Cigarros en Casa de Campo\u00ae Resort representa un hito en el Caribe. Disfrute de experiencias selectas con los principales maestros puros de la Rep\u00fablica Dominicana, cada aspecto del evento ha sido meticulosamente dise\u00f1ado para quienes valoran la excelencia, la tradici\u00f3n y el ocio de alto nivel. Durante un fin de semana inmersivo, disfrute de presentaciones exclusivas de pasarela, acceso cercano a dise\u00f1adores y una programaci\u00f3n que incluye bienestar, arte y conversaciones inspiradoras\u2014todo en uno de los resorts de lujo m\u00e1s emblem\u00e1ticos del Caribe.<\/p>\n","protected":false},"excerpt":{"rendered":"<p>El 1.er Festival Anual de Cigarros en Casa de Campo\u00ae Resort representa un hito en el Caribe. Disfrute de experiencias selectas con los principales maestros puros de la Rep\u00fablica Dominicana, cada aspecto del evento ha sido meticulosamente dise\u00f1ado para quienes valoran la excelencia, la tradici\u00f3n y el ocio de alto nivel. Durante un fin de [&hellip;]<\/p>\n","protected":false},"author":17,"featured_media":98158,"comment_status":"closed","ping_status":"closed","template":"","tags":[],"mec_category":[221],"class_list":["post-97764","mec-events","type-mec-events","status-publish","has-post-thumbnail","hentry","mec_category-art"],"acf":[],"yoast_head":"<!-- This site is optimized with the Yoast SEO plugin v27.2 - https:\/\/yoast.com\/product\/yoast-seo-wordpress\/ -->\n<title>Casa de Campo Fashion Week | Casa de Campo<\/title>\n<meta name=\"robots\" content=\"index, follow, max-snippet:-1, max-image-preview:large, max-video-preview:-1\" \/>\n<link rel=\"canonical\" href=\"https:\/\/www.casadecampo.com.do\/es\/events\/casa-de-campo-fashion-week\/\" \/>\n<meta property=\"og:locale\" content=\"es_ES\" \/>\n<meta property=\"og:type\" content=\"article\" \/>\n<meta property=\"og:title\" content=\"Casa de Campo Fashion Week | Casa de Campo\" \/>\n<meta property=\"og:description\" content=\"El 1.er Festival Anual de Cigarros en Casa de Campo\u00ae Resort representa un hito en el Caribe. Disfrute de experiencias selectas con los principales maestros puros de la Rep\u00fablica Dominicana, cada aspecto del evento ha sido meticulosamente dise\u00f1ado para quienes valoran la excelencia, la tradici\u00f3n y el ocio de alto nivel. Durante un fin de [&hellip;]\" \/>\n<meta property=\"og:url\" content=\"https:\/\/www.casadecampo.com.do\/es\/events\/casa-de-campo-fashion-week\/\" \/>\n<meta property=\"og:site_name\" content=\"Casa de Campo\" \/>\n<meta property=\"article:modified_time\" content=\"2026-04-23T15:31:48+00:00\" \/>\n<meta property=\"og:image\" content=\"https:\/\/www.casadecampo.com.do\/wp-content\/uploads\/2026\/03\/Web_Save-the-Date_CdC-Fashion-Week-2026.jpg\" \/>\n\t<meta property=\"og:image:width\" content=\"2222\" \/>\n\t<meta property=\"og:image:height\" content=\"936\" \/>\n\t<meta property=\"og:image:type\" content=\"image\/jpeg\" \/>\n<meta name=\"twitter:card\" content=\"summary_large_image\" \/>\n<!-- \/ Yoast SEO plugin. -->","yoast_head_json":{"title":"Casa de Campo Fashion Week | Casa de Campo","robots":{"index":"index","follow":"follow","max-snippet":"max-snippet:-1","max-image-preview":"max-image-preview:large","max-video-preview":"max-video-preview:-1"},"canonical":"https:\/\/www.casadecampo.com.do\/es\/events\/casa-de-campo-fashion-week\/","og_locale":"es_ES","og_type":"article","og_title":"Casa de Campo Fashion Week | Casa de Campo","og_description":"El 1.er Festival Anual de Cigarros en Casa de Campo\u00ae Resort representa un hito en el Caribe. Disfrute de experiencias selectas con los principales maestros puros de la Rep\u00fablica Dominicana, cada aspecto del evento ha sido meticulosamente dise\u00f1ado para quienes valoran la excelencia, la tradici\u00f3n y el ocio de alto nivel. Durante un fin de [&hellip;]","og_url":"https:\/\/www.casadecampo.com.do\/es\/events\/casa-de-campo-fashion-week\/","og_site_name":"Casa de Campo","article_modified_time":"2026-04-23T15:31:48+00:00","og_image":[{"width":2222,"height":936,"url":"https:\/\/www.casadecampo.com.do\/wp-content\/uploads\/2026\/03\/Web_Save-the-Date_CdC-Fashion-Week-2026.jpg","type":"image\/jpeg"}],"twitter_card":"summary_large_image","schema":{"@context":"https:\/\/schema.org","@graph":[{"@type":"WebPage","@id":"https:\/\/www.casadecampo.com.do\/es\/events\/casa-de-campo-fashion-week\/","url":"https:\/\/www.casadecampo.com.do\/es\/events\/casa-de-campo-fashion-week\/","name":"Casa de Campo Fashion Week | Casa de Campo","isPartOf":{"@id":"https:\/\/www.casadecampo.com.do\/es\/#website"},"primaryImageOfPage":{"@id":"https:\/\/www.casadecampo.com.do\/es\/events\/casa-de-campo-fashion-week\/#primaryimage"},"image":{"@id":"https:\/\/www.casadecampo.com.do\/es\/events\/casa-de-campo-fashion-week\/#primaryimage"},"thumbnailUrl":"https:\/\/www.casadecampo.com.do\/wp-content\/uploads\/2026\/03\/Web_Save-the-Date_CdC-Fashion-Week-2026.jpg","datePublished":"2026-03-03T15:54:20+00:00","dateModified":"2026-04-23T15:31:48+00:00","breadcrumb":{"@id":"https:\/\/www.casadecampo.com.do\/es\/events\/casa-de-campo-fashion-week\/#breadcrumb"},"inLanguage":"es","potentialAction":[{"@type":"ReadAction","target":["https:\/\/www.casadecampo.com.do\/es\/events\/casa-de-campo-fashion-week\/"]}]},{"@type":"ImageObject","inLanguage":"es","@id":"https:\/\/www.casadecampo.com.do\/es\/events\/casa-de-campo-fashion-week\/#primaryimage","url":"https:\/\/www.casadecampo.com.do\/wp-content\/uploads\/2026\/03\/Web_Save-the-Date_CdC-Fashion-Week-2026.jpg","contentUrl":"https:\/\/www.casadecampo.com.do\/wp-content\/uploads\/2026\/03\/Web_Save-the-Date_CdC-Fashion-Week-2026.jpg","width":2222,"height":936},{"@type":"BreadcrumbList","@id":"https:\/\/www.casadecampo.com.do\/es\/events\/casa-de-campo-fashion-week\/#breadcrumb","itemListElement":[{"@type":"ListItem","position":1,"name":"Inicio","item":"https:\/\/www.casadecampo.com.do\/es\/"},{"@type":"ListItem","position":2,"name":"Casa de Campo Fashion Week"}]},{"@type":"WebSite","@id":"https:\/\/www.casadecampo.com.do\/es\/#website","url":"https:\/\/www.casadecampo.com.do\/es\/","name":"Casa de Campo","description":"The most exclusive resort in the Caribbean","publisher":{"@id":"https:\/\/www.casadecampo.com.do\/es\/#organization"},"potentialAction":[{"@type":"SearchAction","target":{"@type":"EntryPoint","urlTemplate":"https:\/\/www.casadecampo.com.do\/es\/?s={search_term_string}"},"query-input":{"@type":"PropertyValueSpecification","valueRequired":true,"valueName":"search_term_string"}}],"inLanguage":"es"},{"@type":"Organization","@id":"https:\/\/www.casadecampo.com.do\/es\/#organization","name":"Casa de Campo Resort & Villas","url":"https:\/\/www.casadecampo.com.do\/es\/","logo":{"@type":"ImageObject","inLanguage":"es","@id":"https:\/\/www.casadecampo.com.do\/es\/#\/schema\/logo\/image\/","url":"https:\/\/www.casadecampo.com.do\/wp-content\/uploads\/2025\/09\/cdc-favicon.png","contentUrl":"https:\/\/www.casadecampo.com.do\/wp-content\/uploads\/2025\/09\/cdc-favicon.png","width":1024,"height":1009,"caption":"Casa de Campo Resort & Villas"},"image":{"@id":"https:\/\/www.casadecampo.com.do\/es\/#\/schema\/logo\/image\/"}}]}},"_links":{"self":[{"href":"https:\/\/www.casadecampo.com.do\/es\/wp-json\/wp\/v2\/mec-events\/97764","targetHints":{"allow":["GET"]}}],"collection":[{"href":"https:\/\/www.casadecampo.com.do\/es\/wp-json\/wp\/v2\/mec-events"}],"about":[{"href":"https:\/\/www.casadecampo.com.do\/es\/wp-json\/wp\/v2\/types\/mec-events"}],"author":[{"embeddable":true,"href":"https:\/\/www.casadecampo.com.do\/es\/wp-json\/wp\/v2\/users\/17"}],"replies":[{"embeddable":true,"href":"https:\/\/www.casadecampo.com.do\/es\/wp-json\/wp\/v2\/comments?post=97764"}],"wp:featuredmedia":[{"embeddable":true,"href":"https:\/\/www.casadecampo.com.do\/es\/wp-json\/wp\/v2\/media\/98158"}],"wp:attachment":[{"href":"https:\/\/www.casadecampo.com.do\/es\/wp-json\/wp\/v2\/media?parent=97764"}],"wp:term":[{"taxonomy":"post_tag","embeddable":true,"href":"https:\/\/www.casadecampo.com.do\/es\/wp-json\/wp\/v2\/tags?post=97764"},{"taxonomy":"mec_category","embeddable":true,"href":"https:\/\/www.casadecampo.com.do\/es\/wp-json\/wp\/v2\/mec_category?post=97764"}],"curies":[{"name":"wp","href":"https:\/\/api.w.org\/{rel}","templated":true}]}}

<p class="has-secondary-color has-text-color has-link-color wp-elements-ba49d29f575414071a9f7b57daafe8fa">El 1.er Festival Anual de Cigarros en Casa de Campo® Resort representa un hito en el Caribe. Disfrute de experiencias selectas con los principales maestros puros de la República Dominicana, cada aspecto del evento ha sido meticulosamente diseñado para quienes valoran la excelencia, la tradición y el ocio de alto nivel. Durante un fin de semana inmersivo, disfrute de presentaciones exclusivas de pasarela, acceso cercano a diseñadores y una programación que incluye bienestar, arte y conversaciones inspiradoras—todo en uno de los resorts de lujo más emblemáticos del Caribe.</p>

<p>El 1.er Festival Anual de Cigarros en Casa de Campo® Resort representa un hito en el Caribe. Disfrute de experiencias selectas con los principales maestros puros de la República Dominicana, cada aspecto del evento ha sido meticulosamente diseñado para quienes valoran la excelencia, la tradición y el ocio de alto nivel. Durante un fin de [&hellip;]</p>

<!-- This site is optimized with the Yoast SEO plugin v27.2 - https://yoast.com/product/yoast-seo-wordpress/ -->
<title>Casa de Campo Fashion Week | Casa de Campo</title>
<meta name="robots" content="index, follow, max-snippet:-1, max-image-preview:large, max-video-preview:-1" />
<link rel="canonical" href="https://www.casadecampo.com.do/es/events/casa-de-campo-fashion-week/" />
<meta property="og:locale" content="es_ES" />
<meta property="og:type" content="article" />
<meta property="og:title" content="Casa de Campo Fashion Week | Casa de Campo" />
<meta property="og:description" content="El 1.er Festival Anual de Cigarros en Casa de Campo® Resort representa un hito en el Caribe. Disfrute de experiencias selectas con los principales maestros puros de la República Dominicana, cada aspecto del evento ha sido meticulosamente diseñado para quienes valoran la excelencia, la tradición y el ocio de alto nivel. Durante un fin de [&hellip;]" />
<meta property="og:url" content="https://www.casadecampo.com.do/es/events/casa-de-campo-fashion-week/" />
<meta property="og:site_name" content="Casa de Campo" />
<meta property="article:modified_time" content="2026-04-23T15:31:48+00:00" />
<meta property="og:image" content="https://www.casadecampo.com.do/wp-content/uploads/2026/03/Web_Save-the-Date_CdC-Fashion-Week-2026.jpg" />
	<meta property="og:image:width" content="2222" />
	<meta property="og:image:height" content="936" />
	<meta property="og:image:type" content="image/jpeg" />
<meta name="twitter:card" content="summary_large_image" />
<!-- / Yoast SEO plugin. -->

El 1.er Festival Anual de Cigarros en Casa de Campo® Resort representa un hito en el Caribe. Disfrute de experiencias selectas con los principales maestros puros de la República Dominicana, cada aspecto del evento ha sido meticulosamente diseñado para quienes valoran la excelencia, la tradición y el ocio de alto nivel. Durante un fin de [&hellip;]
