{"id":86403,"date":"2025-08-27T20:20:03","date_gmt":"2025-08-27T20:20:03","guid":{"rendered":"https:\/\/casadecampodev.wpenginepowered.com\/events\/12"},"modified":"2025-11-14T20:45:56","modified_gmt":"2025-11-14T20:45:56","slug":"alma-casa-de-campo","status":"publish","type":"mec-events","link":"https:\/\/www.casadecampo.com.do\/es\/events\/alma-casa-de-campo\/","title":{"rendered":"Alma Casa de Campo"},"content":{"rendered":"<p style=\"text-align: left;\">Una vez m\u00e1s, ALMA llega a Rep\u00fablica Dominicana para organizar el mayor encuentro empresarial y social entre espa\u00f1oles y dominicanos, donde crear nuevas oportunidades de negocio y disfrutar de un entorno \u00fanico en el mundo.<\/p>\n<p style=\"text-align: left;\">Alma es Espa\u00f1a. Un viaje por su cultura, gastronom\u00eda, arte, moda y m\u00fasica aderezado<br \/>\ncon la incre\u00edble cultura dominicana.<\/p>\n<p style=\"text-align: left;\">Una idea, que nace de la voluntad de llevar lo mejor de nuestro pa\u00eds fuera de nuestras fronteras para que, tanto dominicanos como espa\u00f1oles, puedan estrechar lazos y compartir una experiencia \u00fanica cargada de emoci\u00f3n y exclusividad en un entorno m\u00e1gico.<\/p>\n<p style=\"text-align: left;\">Un evento de tres d\u00edas de duraci\u00f3n en diferentes localizaciones dentro del<br \/>\ncomplejo m\u00e1s exclusivo de Rep\u00fablica Dominicana.<\/p>\n<p style=\"text-align: left;\">De nuevo, Casa de Campo nos abrir\u00e1 sus puertas para poder disfrutar de sus playas paradis\u00edacas, sus paisajes tropicales, su gran oferta de ocio y por supuesto, la gran hospitalidad de sus habitantes que, como cada a\u00f1o, hacen de esta experiencia algo inolvidable.<\/p>\n<p style=\"text-align: left;\">Situada en La Romana, Casa de Campo es conocida por ser la zona residencial privada m\u00e1s exclusiva del Caribe, por lo que se convierte en la ubicaci\u00f3n perfecta para poder disfrutar de una manera muy especial de estos tres d\u00edas cargados de experiencias exclusivas que en ALMA hemos creado expresamente para ti.<\/p>\n<p style=\"text-align: center;\">Para entradas: <a href=\"mailto:marta@alamaevento.com\">marta@alamaevento.com<\/a><\/p>\n","protected":false},"excerpt":{"rendered":"<p>\u00a1Prep\u00e1rese para la mejor experiencia gastron\u00f3mica, musical y cultural en la feria de Sevilla en Casa de Campo! Disfruta de la gastronom\u00eda espa\u00f1ola, vinos, impresionantes espect\u00e1culos de flamenco, un fascinante espect\u00e1culo ecuestre y mucho m\u00e1s.<\/p>\n","protected":false},"author":17,"featured_media":987,"comment_status":"closed","ping_status":"closed","template":"","tags":[],"mec_category":[223,507],"class_list":["post-86403","mec-events","type-mec-events","status-publish","has-post-thumbnail","hentry","mec_category-eventos-culinarios","mec_category-family-events"],"acf":[],"yoast_head":"<!-- This site is optimized with the Yoast SEO plugin v27.2 - https:\/\/yoast.com\/product\/yoast-seo-wordpress\/ -->\n<title>Alma Casa de Campo | Casa de Campo<\/title>\n<meta name=\"description\" content=\"\u00a1Prep\u00e1rate para la mejor experiencia gastron\u00f3mica, musical y cultural en la feria de Sevilla en Casa de Campo! Disfruta de la gastronom\u00eda espa\u00f1ola, vinos, impresionantes espect\u00e1culos de flamenco, un fascinante espect\u00e1culo ecuestre y mucho m\u00e1s.\" \/>\n<meta name=\"robots\" content=\"index, follow, max-snippet:-1, max-image-preview:large, max-video-preview:-1\" \/>\n<link rel=\"canonical\" href=\"https:\/\/www.casadecampo.com.do\/es\/events\/alma-casa-de-campo\/\" \/>\n<meta property=\"og:locale\" content=\"es_ES\" \/>\n<meta property=\"og:type\" content=\"article\" \/>\n<meta property=\"og:title\" content=\"Alma Casa de Campo | Casa de Campo\" \/>\n<meta property=\"og:description\" content=\"\u00a1Prep\u00e1rate para la mejor experiencia gastron\u00f3mica, musical y cultural en la feria de Sevilla en Casa de Campo! Disfruta de la gastronom\u00eda espa\u00f1ola, vinos, impresionantes espect\u00e1culos de flamenco, un fascinante espect\u00e1culo ecuestre y mucho m\u00e1s.\" \/>\n<meta property=\"og:url\" content=\"https:\/\/www.casadecampo.com.do\/es\/events\/alma-casa-de-campo\/\" \/>\n<meta property=\"og:site_name\" content=\"Casa de Campo\" \/>\n<meta property=\"article:modified_time\" content=\"2025-11-14T20:45:56+00:00\" \/>\n<meta property=\"og:image\" content=\"https:\/\/www.casadecampo.com.do\/wp-content\/uploads\/2025\/09\/Image-mujer-y-Abanico_-horizontal-scaled.jpg\" \/>\n\t<meta property=\"og:image:width\" content=\"2560\" \/>\n\t<meta property=\"og:image:height\" content=\"1708\" \/>\n\t<meta property=\"og:image:type\" content=\"image\/jpeg\" \/>\n<meta name=\"twitter:card\" content=\"summary_large_image\" \/>\n<meta name=\"twitter:label1\" content=\"Tiempo de lectura\" \/>\n\t<meta name=\"twitter:data1\" content=\"2 minutos\" \/>\n<!-- \/ Yoast SEO plugin. -->","yoast_head_json":{"title":"Alma Casa de Campo | Casa de Campo","description":"\u00a1Prep\u00e1rate para la mejor experiencia gastron\u00f3mica, musical y cultural en la feria de Sevilla en Casa de Campo! Disfruta de la gastronom\u00eda espa\u00f1ola, vinos, impresionantes espect\u00e1culos de flamenco, un fascinante espect\u00e1culo ecuestre y mucho m\u00e1s.","robots":{"index":"index","follow":"follow","max-snippet":"max-snippet:-1","max-image-preview":"max-image-preview:large","max-video-preview":"max-video-preview:-1"},"canonical":"https:\/\/www.casadecampo.com.do\/es\/events\/alma-casa-de-campo\/","og_locale":"es_ES","og_type":"article","og_title":"Alma Casa de Campo | Casa de Campo","og_description":"\u00a1Prep\u00e1rate para la mejor experiencia gastron\u00f3mica, musical y cultural en la feria de Sevilla en Casa de Campo! Disfruta de la gastronom\u00eda espa\u00f1ola, vinos, impresionantes espect\u00e1culos de flamenco, un fascinante espect\u00e1culo ecuestre y mucho m\u00e1s.","og_url":"https:\/\/www.casadecampo.com.do\/es\/events\/alma-casa-de-campo\/","og_site_name":"Casa de Campo","article_modified_time":"2025-11-14T20:45:56+00:00","og_image":[{"width":2560,"height":1708,"url":"https:\/\/www.casadecampo.com.do\/wp-content\/uploads\/2025\/09\/Image-mujer-y-Abanico_-horizontal-scaled.jpg","type":"image\/jpeg"}],"twitter_card":"summary_large_image","twitter_misc":{"Tiempo de lectura":"2 minutos"},"schema":{"@context":"https:\/\/schema.org","@graph":[{"@type":"WebPage","@id":"https:\/\/www.casadecampo.com.do\/es\/events\/alma-casa-de-campo\/","url":"https:\/\/www.casadecampo.com.do\/es\/events\/alma-casa-de-campo\/","name":"Alma Casa de Campo | Casa de Campo","isPartOf":{"@id":"https:\/\/www.casadecampo.com.do\/es\/#website"},"primaryImageOfPage":{"@id":"https:\/\/www.casadecampo.com.do\/es\/events\/alma-casa-de-campo\/#primaryimage"},"image":{"@id":"https:\/\/www.casadecampo.com.do\/es\/events\/alma-casa-de-campo\/#primaryimage"},"thumbnailUrl":"https:\/\/www.casadecampo.com.do\/wp-content\/uploads\/2025\/09\/Image-mujer-y-Abanico_-horizontal-scaled.jpg","datePublished":"2025-08-27T20:20:03+00:00","dateModified":"2025-11-14T20:45:56+00:00","description":"\u00a1Prep\u00e1rate para la mejor experiencia gastron\u00f3mica, musical y cultural en la feria de Sevilla en Casa de Campo! Disfruta de la gastronom\u00eda espa\u00f1ola, vinos, impresionantes espect\u00e1culos de flamenco, un fascinante espect\u00e1culo ecuestre y mucho m\u00e1s.","breadcrumb":{"@id":"https:\/\/www.casadecampo.com.do\/es\/events\/alma-casa-de-campo\/#breadcrumb"},"inLanguage":"es","potentialAction":[{"@type":"ReadAction","target":["https:\/\/www.casadecampo.com.do\/es\/events\/alma-casa-de-campo\/"]}]},{"@type":"ImageObject","inLanguage":"es","@id":"https:\/\/www.casadecampo.com.do\/es\/events\/alma-casa-de-campo\/#primaryimage","url":"https:\/\/www.casadecampo.com.do\/wp-content\/uploads\/2025\/09\/Image-mujer-y-Abanico_-horizontal-scaled.jpg","contentUrl":"https:\/\/www.casadecampo.com.do\/wp-content\/uploads\/2025\/09\/Image-mujer-y-Abanico_-horizontal-scaled.jpg","width":2560,"height":1708},{"@type":"BreadcrumbList","@id":"https:\/\/www.casadecampo.com.do\/es\/events\/alma-casa-de-campo\/#breadcrumb","itemListElement":[{"@type":"ListItem","position":1,"name":"Inicio","item":"https:\/\/www.casadecampo.com.do\/es\/"},{"@type":"ListItem","position":2,"name":"Alma Casa de Campo"}]},{"@type":"WebSite","@id":"https:\/\/www.casadecampo.com.do\/es\/#website","url":"https:\/\/www.casadecampo.com.do\/es\/","name":"Casa de Campo","description":"The most exclusive resort in the Caribbean","publisher":{"@id":"https:\/\/www.casadecampo.com.do\/es\/#organization"},"potentialAction":[{"@type":"SearchAction","target":{"@type":"EntryPoint","urlTemplate":"https:\/\/www.casadecampo.com.do\/es\/?s={search_term_string}"},"query-input":{"@type":"PropertyValueSpecification","valueRequired":true,"valueName":"search_term_string"}}],"inLanguage":"es"},{"@type":"Organization","@id":"https:\/\/www.casadecampo.com.do\/es\/#organization","name":"Casa de Campo Resort & Villas","url":"https:\/\/www.casadecampo.com.do\/es\/","logo":{"@type":"ImageObject","inLanguage":"es","@id":"https:\/\/www.casadecampo.com.do\/es\/#\/schema\/logo\/image\/","url":"https:\/\/www.casadecampo.com.do\/wp-content\/uploads\/2025\/09\/cdc-favicon.png","contentUrl":"https:\/\/www.casadecampo.com.do\/wp-content\/uploads\/2025\/09\/cdc-favicon.png","width":1024,"height":1009,"caption":"Casa de Campo Resort & Villas"},"image":{"@id":"https:\/\/www.casadecampo.com.do\/es\/#\/schema\/logo\/image\/"}}]}},"_links":{"self":[{"href":"https:\/\/www.casadecampo.com.do\/es\/wp-json\/wp\/v2\/mec-events\/86403","targetHints":{"allow":["GET"]}}],"collection":[{"href":"https:\/\/www.casadecampo.com.do\/es\/wp-json\/wp\/v2\/mec-events"}],"about":[{"href":"https:\/\/www.casadecampo.com.do\/es\/wp-json\/wp\/v2\/types\/mec-events"}],"author":[{"embeddable":true,"href":"https:\/\/www.casadecampo.com.do\/es\/wp-json\/wp\/v2\/users\/17"}],"replies":[{"embeddable":true,"href":"https:\/\/www.casadecampo.com.do\/es\/wp-json\/wp\/v2\/comments?post=86403"}],"wp:featuredmedia":[{"embeddable":true,"href":"https:\/\/www.casadecampo.com.do\/es\/wp-json\/wp\/v2\/media\/987"}],"wp:attachment":[{"href":"https:\/\/www.casadecampo.com.do\/es\/wp-json\/wp\/v2\/media?parent=86403"}],"wp:term":[{"taxonomy":"post_tag","embeddable":true,"href":"https:\/\/www.casadecampo.com.do\/es\/wp-json\/wp\/v2\/tags?post=86403"},{"taxonomy":"mec_category","embeddable":true,"href":"https:\/\/www.casadecampo.com.do\/es\/wp-json\/wp\/v2\/mec_category?post=86403"}],"curies":[{"name":"wp","href":"https:\/\/api.w.org\/{rel}","templated":true}]}}

<p style="text-align: left;">Una vez más, ALMA llega a República Dominicana para organizar el mayor encuentro empresarial y social entre españoles y dominicanos, donde crear nuevas oportunidades de negocio y disfrutar de un entorno único en el mundo.</p>
<p style="text-align: left;">Alma es España. Un viaje por su cultura, gastronomía, arte, moda y música aderezado<br />
con la increíble cultura dominicana.</p>
<p style="text-align: left;">Una idea, que nace de la voluntad de llevar lo mejor de nuestro país fuera de nuestras fronteras para que, tanto dominicanos como españoles, puedan estrechar lazos y compartir una experiencia única cargada de emoción y exclusividad en un entorno mágico.</p>
<p style="text-align: left;">Un evento de tres días de duración en diferentes localizaciones dentro del<br />
complejo más exclusivo de República Dominicana.</p>
<p style="text-align: left;">De nuevo, Casa de Campo nos abrirá sus puertas para poder disfrutar de sus playas paradisíacas, sus paisajes tropicales, su gran oferta de ocio y por supuesto, la gran hospitalidad de sus habitantes que, como cada año, hacen de esta experiencia algo inolvidable.</p>
<p style="text-align: left;">Situada en La Romana, Casa de Campo es conocida por ser la zona residencial privada más exclusiva del Caribe, por lo que se convierte en la ubicación perfecta para poder disfrutar de una manera muy especial de estos tres días cargados de experiencias exclusivas que en ALMA hemos creado expresamente para ti.</p>
<p style="text-align: center;">Para entradas: <a href="mailto:marta@alamaevento.com">marta@alamaevento.com</a></p>

<p>¡Prepárese para la mejor experiencia gastronómica, musical y cultural en la feria de Sevilla en Casa de Campo! Disfruta de la gastronomía española, vinos, impresionantes espectáculos de flamenco, un fascinante espectáculo ecuestre y mucho más.</p>

<!-- This site is optimized with the Yoast SEO plugin v27.2 - https://yoast.com/product/yoast-seo-wordpress/ -->
<title>Alma Casa de Campo | Casa de Campo</title>
<meta name="description" content="¡Prepárate para la mejor experiencia gastronómica, musical y cultural en la feria de Sevilla en Casa de Campo! Disfruta de la gastronomía española, vinos, impresionantes espectáculos de flamenco, un fascinante espectáculo ecuestre y mucho más." />
<meta name="robots" content="index, follow, max-snippet:-1, max-image-preview:large, max-video-preview:-1" />
<link rel="canonical" href="https://www.casadecampo.com.do/es/events/alma-casa-de-campo/" />
<meta property="og:locale" content="es_ES" />
<meta property="og:type" content="article" />
<meta property="og:title" content="Alma Casa de Campo | Casa de Campo" />
<meta property="og:description" content="¡Prepárate para la mejor experiencia gastronómica, musical y cultural en la feria de Sevilla en Casa de Campo! Disfruta de la gastronomía española, vinos, impresionantes espectáculos de flamenco, un fascinante espectáculo ecuestre y mucho más." />
<meta property="og:url" content="https://www.casadecampo.com.do/es/events/alma-casa-de-campo/" />
<meta property="og:site_name" content="Casa de Campo" />
<meta property="article:modified_time" content="2025-11-14T20:45:56+00:00" />
<meta property="og:image" content="https://www.casadecampo.com.do/wp-content/uploads/2025/09/Image-mujer-y-Abanico_-horizontal-scaled.jpg" />
	<meta property="og:image:width" content="2560" />
	<meta property="og:image:height" content="1708" />
	<meta property="og:image:type" content="image/jpeg" />
<meta name="twitter:card" content="summary_large_image" />
<meta name="twitter:label1" content="Tiempo de lectura" />
	<meta name="twitter:data1" content="2 minutos" />
<!-- / Yoast SEO plugin. -->

¡Prepárate para la mejor experiencia gastronómica, musical y cultural en la feria de Sevilla en Casa de Campo! Disfruta de la gastronomía española, vinos, impresionantes espectáculos de flamenco, un fascinante espectáculo ecuestre y mucho más.
