{"id":86368,"date":"2024-12-05T16:41:27","date_gmt":"2024-12-05T16:41:27","guid":{"rendered":"https:\/\/casadecampodev.wpenginepowered.com\/events\/12"},"modified":"2025-10-05T18:54:12","modified_gmt":"2025-10-05T18:54:12","slug":"kany-garcia-tour-2025","status":"publish","type":"mec-events","link":"https:\/\/www.casadecampo.com.do\/es\/events\/kany-garcia-tour-2025\/","title":{"rendered":"Kany Garc\u00eda Tour 2025"},"content":{"rendered":"<h2 style=\"text-align: center;\">Disfruta del Tour Kany Garc\u00eda 2025 en Nuestro Recinto Caribe\u00f1o<\/h2>\n<p style=\"text-align: center;\"><strong>Kany Garc\u00eda Tour 2025<\/strong><\/p>\n<p style=\"text-align: center;\">15 de febrero, 2025 |\u00a0 Anfiteatro Altos de Chav\u00f3n<\/p>\n","protected":false},"excerpt":{"rendered":"<p>Disfruta del Tour Kany Garc\u00eda 2025 en Nuestro Recinto Caribe\u00f1o Kany Garc\u00eda Tour 2025 15 de febrero, 2025 |\u00a0 Anfiteatro Altos de Chav\u00f3n<\/p>\n","protected":false},"author":17,"featured_media":77722,"comment_status":"closed","ping_status":"closed","template":"","tags":[],"mec_category":[190],"class_list":["post-86368","mec-events","type-mec-events","status-publish","has-post-thumbnail","hentry","mec_category-conciertos"],"acf":[],"yoast_head":"<!-- This site is optimized with the Yoast SEO plugin v27.2 - https:\/\/yoast.com\/product\/yoast-seo-wordpress\/ -->\n<title>Kany Garc\u00eda Tour 2025 | Casa de Campo<\/title>\n<meta name=\"robots\" content=\"index, follow, max-snippet:-1, max-image-preview:large, max-video-preview:-1\" \/>\n<link rel=\"canonical\" href=\"https:\/\/www.casadecampo.com.do\/es\/events\/kany-garcia-tour-2025\/\" \/>\n<meta property=\"og:locale\" content=\"es_ES\" \/>\n<meta property=\"og:type\" content=\"article\" \/>\n<meta property=\"og:title\" content=\"Kany Garc\u00eda Tour 2025 | Casa de Campo\" \/>\n<meta property=\"og:description\" content=\"Disfruta del Tour Kany Garc\u00eda 2025 en Nuestro Recinto Caribe\u00f1o Kany Garc\u00eda Tour 2025 15 de febrero, 2025 |\u00a0 Anfiteatro Altos de Chav\u00f3n\" \/>\n<meta property=\"og:url\" content=\"https:\/\/www.casadecampo.com.do\/es\/events\/kany-garcia-tour-2025\/\" \/>\n<meta property=\"og:site_name\" content=\"Casa de Campo\" \/>\n<meta property=\"article:modified_time\" content=\"2025-10-05T18:54:12+00:00\" \/>\n<meta property=\"og:image\" content=\"https:\/\/www.casadecampo.com.do\/wp-content\/uploads\/2024\/12\/Kany-Garcia_600x400.png\" \/>\n\t<meta property=\"og:image:width\" content=\"620\" \/>\n\t<meta property=\"og:image:height\" content=\"400\" \/>\n\t<meta property=\"og:image:type\" content=\"image\/png\" \/>\n<meta name=\"twitter:card\" content=\"summary_large_image\" \/>\n<!-- \/ Yoast SEO plugin. -->","yoast_head_json":{"title":"Kany Garc\u00eda Tour 2025 | Casa de Campo","robots":{"index":"index","follow":"follow","max-snippet":"max-snippet:-1","max-image-preview":"max-image-preview:large","max-video-preview":"max-video-preview:-1"},"canonical":"https:\/\/www.casadecampo.com.do\/es\/events\/kany-garcia-tour-2025\/","og_locale":"es_ES","og_type":"article","og_title":"Kany Garc\u00eda Tour 2025 | Casa de Campo","og_description":"Disfruta del Tour Kany Garc\u00eda 2025 en Nuestro Recinto Caribe\u00f1o Kany Garc\u00eda Tour 2025 15 de febrero, 2025 |\u00a0 Anfiteatro Altos de Chav\u00f3n","og_url":"https:\/\/www.casadecampo.com.do\/es\/events\/kany-garcia-tour-2025\/","og_site_name":"Casa de Campo","article_modified_time":"2025-10-05T18:54:12+00:00","og_image":[{"width":620,"height":400,"url":"https:\/\/www.casadecampo.com.do\/wp-content\/uploads\/2024\/12\/Kany-Garcia_600x400.png","type":"image\/png"}],"twitter_card":"summary_large_image","schema":{"@context":"https:\/\/schema.org","@graph":[{"@type":"WebPage","@id":"https:\/\/www.casadecampo.com.do\/es\/events\/kany-garcia-tour-2025\/","url":"https:\/\/www.casadecampo.com.do\/es\/events\/kany-garcia-tour-2025\/","name":"Kany Garc\u00eda Tour 2025 | Casa de Campo","isPartOf":{"@id":"https:\/\/www.casadecampo.com.do\/es\/#website"},"primaryImageOfPage":{"@id":"https:\/\/www.casadecampo.com.do\/es\/events\/kany-garcia-tour-2025\/#primaryimage"},"image":{"@id":"https:\/\/www.casadecampo.com.do\/es\/events\/kany-garcia-tour-2025\/#primaryimage"},"thumbnailUrl":"https:\/\/www.casadecampo.com.do\/wp-content\/uploads\/2024\/12\/Kany-Garcia_600x400.png","datePublished":"2024-12-05T16:41:27+00:00","dateModified":"2025-10-05T18:54:12+00:00","breadcrumb":{"@id":"https:\/\/www.casadecampo.com.do\/es\/events\/kany-garcia-tour-2025\/#breadcrumb"},"inLanguage":"es","potentialAction":[{"@type":"ReadAction","target":["https:\/\/www.casadecampo.com.do\/es\/events\/kany-garcia-tour-2025\/"]}]},{"@type":"ImageObject","inLanguage":"es","@id":"https:\/\/www.casadecampo.com.do\/es\/events\/kany-garcia-tour-2025\/#primaryimage","url":"https:\/\/www.casadecampo.com.do\/wp-content\/uploads\/2024\/12\/Kany-Garcia_600x400.png","contentUrl":"https:\/\/www.casadecampo.com.do\/wp-content\/uploads\/2024\/12\/Kany-Garcia_600x400.png","width":620,"height":400},{"@type":"BreadcrumbList","@id":"https:\/\/www.casadecampo.com.do\/es\/events\/kany-garcia-tour-2025\/#breadcrumb","itemListElement":[{"@type":"ListItem","position":1,"name":"Inicio","item":"https:\/\/www.casadecampo.com.do\/es\/"},{"@type":"ListItem","position":2,"name":"Kany Garc\u00eda Tour 2025"}]},{"@type":"WebSite","@id":"https:\/\/www.casadecampo.com.do\/es\/#website","url":"https:\/\/www.casadecampo.com.do\/es\/","name":"Casa de Campo","description":"The most exclusive resort in the Caribbean","publisher":{"@id":"https:\/\/www.casadecampo.com.do\/es\/#organization"},"potentialAction":[{"@type":"SearchAction","target":{"@type":"EntryPoint","urlTemplate":"https:\/\/www.casadecampo.com.do\/es\/?s={search_term_string}"},"query-input":{"@type":"PropertyValueSpecification","valueRequired":true,"valueName":"search_term_string"}}],"inLanguage":"es"},{"@type":"Organization","@id":"https:\/\/www.casadecampo.com.do\/es\/#organization","name":"Casa de Campo Resort & Villas","url":"https:\/\/www.casadecampo.com.do\/es\/","logo":{"@type":"ImageObject","inLanguage":"es","@id":"https:\/\/www.casadecampo.com.do\/es\/#\/schema\/logo\/image\/","url":"https:\/\/www.casadecampo.com.do\/wp-content\/uploads\/2025\/09\/cdc-favicon.png","contentUrl":"https:\/\/www.casadecampo.com.do\/wp-content\/uploads\/2025\/09\/cdc-favicon.png","width":1024,"height":1009,"caption":"Casa de Campo Resort & Villas"},"image":{"@id":"https:\/\/www.casadecampo.com.do\/es\/#\/schema\/logo\/image\/"}}]}},"_links":{"self":[{"href":"https:\/\/www.casadecampo.com.do\/es\/wp-json\/wp\/v2\/mec-events\/86368","targetHints":{"allow":["GET"]}}],"collection":[{"href":"https:\/\/www.casadecampo.com.do\/es\/wp-json\/wp\/v2\/mec-events"}],"about":[{"href":"https:\/\/www.casadecampo.com.do\/es\/wp-json\/wp\/v2\/types\/mec-events"}],"author":[{"embeddable":true,"href":"https:\/\/www.casadecampo.com.do\/es\/wp-json\/wp\/v2\/users\/17"}],"replies":[{"embeddable":true,"href":"https:\/\/www.casadecampo.com.do\/es\/wp-json\/wp\/v2\/comments?post=86368"}],"wp:featuredmedia":[{"embeddable":true,"href":"https:\/\/www.casadecampo.com.do\/es\/wp-json\/wp\/v2\/media\/77722"}],"wp:attachment":[{"href":"https:\/\/www.casadecampo.com.do\/es\/wp-json\/wp\/v2\/media?parent=86368"}],"wp:term":[{"taxonomy":"post_tag","embeddable":true,"href":"https:\/\/www.casadecampo.com.do\/es\/wp-json\/wp\/v2\/tags?post=86368"},{"taxonomy":"mec_category","embeddable":true,"href":"https:\/\/www.casadecampo.com.do\/es\/wp-json\/wp\/v2\/mec_category?post=86368"}],"curies":[{"name":"wp","href":"https:\/\/api.w.org\/{rel}","templated":true}]}}

Kany García Tour 2025

<h2 style="text-align: center;">Disfruta del Tour Kany García 2025 en Nuestro Recinto Caribeño</h2>
<p style="text-align: center;"><strong>Kany García Tour 2025</strong></p>
<p style="text-align: center;">15 de febrero, 2025 |  Anfiteatro Altos de Chavón</p>

<p>Disfruta del Tour Kany García 2025 en Nuestro Recinto Caribeño Kany García Tour 2025 15 de febrero, 2025 |  Anfiteatro Altos de Chavón</p>

<!-- This site is optimized with the Yoast SEO plugin v27.2 - https://yoast.com/product/yoast-seo-wordpress/ -->
<title>Kany García Tour 2025 | Casa de Campo</title>
<meta name="robots" content="index, follow, max-snippet:-1, max-image-preview:large, max-video-preview:-1" />
<link rel="canonical" href="https://www.casadecampo.com.do/es/events/kany-garcia-tour-2025/" />
<meta property="og:locale" content="es_ES" />
<meta property="og:type" content="article" />
<meta property="og:title" content="Kany García Tour 2025 | Casa de Campo" />
<meta property="og:description" content="Disfruta del Tour Kany García 2025 en Nuestro Recinto Caribeño Kany García Tour 2025 15 de febrero, 2025 |  Anfiteatro Altos de Chavón" />
<meta property="og:url" content="https://www.casadecampo.com.do/es/events/kany-garcia-tour-2025/" />
<meta property="og:site_name" content="Casa de Campo" />
<meta property="article:modified_time" content="2025-10-05T18:54:12+00:00" />
<meta property="og:image" content="https://www.casadecampo.com.do/wp-content/uploads/2024/12/Kany-Garcia_600x400.png" />
	<meta property="og:image:width" content="620" />
	<meta property="og:image:height" content="400" />
	<meta property="og:image:type" content="image/png" />
<meta name="twitter:card" content="summary_large_image" />
<!-- / Yoast SEO plugin. -->

Kany García Tour 2025 | Casa de Campo

Disfruta del Tour Kany García 2025 en Nuestro Recinto Caribeño Kany García Tour 2025 15 de febrero, 2025 |  Anfiteatro Altos de Chavón
